4505781?
False
Is 54472554 a multiple of 54?
True
Is 71687690 a multiple of 1201?
True
Does 4070 divide 588148532?
False
Is 227 a factor of 975422859?
True
Is 134961838 a multiple of 46?
True
Is 29869310 a multiple of 15?
False
Is 797 a factor of 12211485?
False
Is 117 a factor of 54709083?
True
Is 413915128 a multiple of 438?
False
Is 685046213 a multiple of 15?
False
Does 24 divide 125766624?
True
Is 370 a factor of 2091248880?
True
Is 128754244 a multiple of 4999?
True
Does 46 divide 658365771?
False
Does 688 divide 397165200?
True
Is 960295664 a multiple of 1554?
False
Does 11 divide 1378778?
False
Does 965 divide 1740860?
True
Is 448 a factor of 19267937?
False
Is 684164781 a multiple of 238?
False
Is 79403954 a multiple of 24?
False
Is 10 a factor of 6027570?
True
Is 115 a factor of 6324355?
False
Is 275016571 a multiple of 4479?
False
Is 2145 a factor of 21407371?
False
Does 224 divide 9413471?
False
Is 1147 a factor of 11869350?
False
Is 827 a factor of 91968455?
False
Does 18 divide 39289170?
False
Is 19 a factor of 33157601?
False
Is 1142 a factor of 1906348594?
True
Does 2302 divide 26362742?
False
Is 53 a factor of 39134430?
False
Does 27 divide 168430455?
True
Does 4665 divide 754894965?
True
Is 74130713 a multiple of 335?
False
Does 19 divide 983498520?
True
Does 56 divide 187451992?
True
Does 86 divide 207732580?
False
Is 2096028902 a multiple of 39?
False
Does 2617 divide 97278545?
False
Does 242 divide 27040354?
True
Is 63642499 a multiple of 65?
False
Does 355 divide 99502883?
False
Does 54 divide 83826144?
True
Does 1252 divide 351864085?
False
Does 9 divide 101999556?
True
Is 200 a factor of 55926815?
False
Is 76 a factor of 1251393?
False
Does 1710 divide 878028?
False
Is 66153810 a multiple of 309?
True
Is 436740738 a multiple of 213?
True
Does 12 divide 262101285?
False
Does 56 divide 2002729872?
False
Is 288 a factor of 21509568?
True
Is 9180143 a multiple of 28?
False
Is 273973895 a multiple of 543?
False
Is 18 a factor of 10511043?
False
Is 345 a factor of 258313443?
False
Is 5 a factor of 4506921?
False
Does 5 divide 21471444?
False
Does 185 divide 276410720?
True
Is 4517214 a multiple of 78?
True
Is 12 a factor of 5910256956?
True
Is 1202 a factor of 17376567?
False
Is 411782240 a multiple of 590?
True
Is 821 a factor of 329816225?
True
Is 2827 a factor of 173793372?
False
Is 93 a factor of 15033372?
False
Does 45 divide 8030520?
True
Does 1648 divide 777705333?
False
Does 123 divide 72577257?
True
Is 21197326 a multiple of 512?
False
Is 54 a factor of 6693961?
False
Is 480 a factor of 42942723?
False
Does 903 divide 187854365?
False
Is 44 a factor of 5805360?
True
Does 153 divide 18586440?
True
Does 127 divide 253054583?
False
Is 74719283 a multiple of 4553?
True
Is 832 a factor of 133323840?
True
Is 562 a factor of 108323789?
False
Is 17 a factor of 14926618?
False
Does 2 divide 37544681?
False
Does 664 divide 237633498?
False
Does 575 divide 98799950?
True
Is 4155 a factor of 83262045?
True
Is 4599267501 a multiple of 1436?
False
Is 79 a factor of 34160469?
True
Is 366061182 a multiple of 1035?
False
Is 1337 a factor of 374575257?
True
Does 13779 divide 325280853?
True
Does 973 divide 378289751?
True
Does 133 divide 127289502?
False
Does 39 divide 37851411?
True
Is 101905224 a multiple of 106?
False
Is 76 a factor of 714389284?
True
Is 423294021 a multiple of 129?
True
Does 327 divide 2113290801?
True
Does 1953 divide 78988087?
False
Is 412 a factor of 416641163?
False
Does 16 divide 3016304?
True
Does 22 divide 634579695?
False
Is 32329800 a multiple of 6?
True
Does 184 divide 131912360?
True
Is 132 a factor of 20897122?
False
Is 13620782 a multiple of 142?
True
Does 298 divide 4750430?
False
Is 60985281 a multiple of 371?
False
Is 50 a factor of 312324089?
False
Does 296 divide 139635040?
True
Is 163 a factor of 10753925?
True
Does 442 divide 1359680842?
True
Is 11785698 a multiple of 3?
True
Does 2 divide 31147495?
False
Is 89258616 a multiple of 122?
True
Is 16228374 a multiple of 123?
True
Is 32791565 a multiple of 2800?
False
Is 320 a factor of 461470400?
True
Does 3 divide 1254184?
False
Is 253901477 a multiple of 6234?
False
Is 52891003 a multiple of 106?
False
Does 73 divide 157856441?
True
Does 13 divide 423213089?
True
Is 3 a factor of 353608?
False
Is 13 a factor of 2059361141?
False
Does 1596 divide 543666228?
True
Is 328 a factor of 199760672?
False
Does 16 divide 377569386?
False
Is 306 a factor of 239079201?
False
Is 157 a factor of 1107321?
True
Is 6 a factor of 11631383?
False
Is 588714800 a multiple of 2480?
True
Does 37 divide 4933800?
False
Is 143 a factor of 117997308?
True
Does 37 divide 1333243141?
False
Does 72 divide 1273199688?
True
Is 1454 a factor of 1208205662?
True
Is 1024259212 a multiple of 41?
True
Does 1409 divide 3604444622?
True
Is 262 a factor of 379317836?
True
Is 7314916 a multiple of 28?
True
Does 38 divide 250594109?
False
Is 5 a factor of 945040665?
True
Is 162007729 a multiple of 40?
False
Is 432 a factor of 261223268?
False
Is 29210418 a multiple of 633?
True
Does 58 divide 6040120?
True
Does 12 divide 76560660?
True
Does 70 divide 319193?
False
Is 180 a factor of 90077798?
False
Is 491 a factor of 12084983?
True
Is 158 a factor of 25194825?
False
Is 2069420 a multiple of 40?
False
Does 793 divide 106932085?
True
Does 9 divide 984979213?
False
Is 31 a factor of 2559870477?
True
Does 14 divide 659873701?
False
Does 819 divide 7127129?
False
Is 723 a factor of 1142046462?
True
Is 27 a factor of 6719915?
False
Does 120 divide 101754430?
False
Does 5462 divide 1377991594?
True
Does 36 divide 11604130?
False
Is 3215 a factor of 98787305?
True
Is 3 a factor of 80598624?
True
Is 66053430 a multiple of 355?
True
Is 6564252 a multiple of 12?
True
Is 61 a factor of 803027410?
False
Is 1442452505 a multiple of 53?
True
Is 131 a factor of 34821372?
True
Is 207532290 a multiple of 186?
True
Is 408071138 a multiple of 20?
False
Does 5 divide 1557785?
True
Is 40045115 a multiple of 21?
False
Is 466 a factor of 86280483?
False
Does 193 divide 1732268795?
False
Is 7115040 a multiple of 54?
True
Is 341996821 a multiple of 661?
False
Does 221 divide 1015761305?
True
Is 22 a factor of 5166258602?
False
Is 41 a factor of 1427239807?
True
Does 10 divide 169095250?
True
Is 42 a factor of 1090099875?
False
Is 233702784 a multiple of 56?
True
Does 341 divide 140717554?
False
Is 9 a factor of 59583696?
False
Is 233320697 a multiple of 627?
False
Is 3933193 a multiple of 51?
False
Is 16 a factor of 753605728?
True
Is 39 a factor of 75101364?
True
Does 49 divide 2455211248?
True
Is 14 a factor of 27348064?
False
Is 408954960 a multiple of 12?
True
Does 272 divide 15829040?
True
Is 480959409 a multiple of 364?
False
Is 8762 a factor of 4634019116?
False
Is 495498570 a multiple of 21?
True
Does 428 divide 355064092?
True
Is 284344749 a multiple of 117?
True
Is 40219650 a multiple of 18?
True
Does 463 divide 156619678?
False
Is 3934992 a multiple of 4?
True
Does 109 divide 19631009?
True
Is 22894157 a multiple of 13?
True
Does 1651 divide 2221500233?
False
Does 1132 divide 6152039848?
False
Is 11531025 a multiple of 3?
True
Does 28 divide 4660360684?
True
Is 1229 a factor of 439875912?
False
Is 72 a factor of 212287933?
False
Does 307 divide 797742367?
False
Does 3 divide 12342339?
True
Is 511 a factor of 1321727561?
True
Does 22 divide 149421608?
False
Is 92139210 a multiple of 5?
True
Is 1272183943 a multiple of 52?
False
Does 66 divide 25338126?
True
Is 22 a factor of 5399570?
True
Is 3930096 a multiple of 246?
True
Is 2872167262 a multiple of 7526?
False
Is 51 a factor of 486576392?
False
Is 907 a factor of 1385390801?
True
Is 35 a factor of 3745175?
True
Does 8 divide 9498992?
True
Does 11 divide 33070730?
True
Does 26 divide 1119409318?
False
Is 1902 a factor of 1340554326?
True
Is 94030266 a multiple of 541?
False
Does 159 divide 608687139?
True
Is 29 a factor of 2011547503?
True
Is 4243286 a multiple of 163?
False
Is 1973091288 a multiple of 634?
False
Is 72513332 a multiple of 27?
False
Is 472 a factor of 272024456?
True
Does 55 divide 29966860?
True
Is 505573056 a multiple of 32?
True
Is 1865158 a multiple of 172?
False
Is 3 a factor of 319919463?
True
Does 23 divide 59865694?
False
D